{"id":406,"date":"2022-08-30T19:22:27","date_gmt":"2022-08-30T22:22:27","guid":{"rendered":"http:\/\/morettofogacaconsultoria.com.br\/?page_id=406"},"modified":"2024-11-01T19:50:09","modified_gmt":"2024-11-01T22:50:09","slug":"avaliacao-psicologica_anterior","status":"publish","type":"page","link":"https:\/\/morettofogacaconsultoria.com.br\/index.php\/avaliacao-psicologica_anterior\/","title":{"rendered":"AVALIA\u00c7\u00c3O PSICOL\u00d3GICA_versao_antiga"},"content":{"rendered":"\n<p><\/p>\n\n\n<h3 class=\"fonts-plugin-block \" style=\"font-family: arial;font-weight: 700;line-height: 2.4;text-align: center;color: #0693e3\">Por meio do processo de avalia\u00e7\u00e3o psicol\u00f3gica conseguimos compreender e auxiliar pessoas e institui\u00e7\u00f5es a perceberem seus pontos fortes e fraquezas, alinhando e sugerindo possibilidades de a\u00e7\u00f5es visando superar essas situa\u00e7\u00f5es.<\/h3>\n\n\n<p>&nbsp;<\/p>\n\n\n<div class=\"wp-block-image\">\n<figure class=\"aligncenter size-large is-resized\"><img decoding=\"async\" src=\"http:\/\/morettofogacaconsultoria.com.br\/wp-content\/uploads\/2022\/08\/Foto-de-capa-avaliacao-Psicologica-Zulliger-1024x683.jpg\" alt=\"\" class=\"wp-image-407\" width=\"768\" height=\"512\" srcset=\"https:\/\/morettofogacaconsultoria.com.br\/wp-content\/uploads\/2022\/08\/Foto-de-capa-avaliacao-Psicologica-Zulliger-1024x683.jpg 1024w, https:\/\/morettofogacaconsultoria.com.br\/wp-content\/uploads\/2022\/08\/Foto-de-capa-avaliacao-Psicologica-Zulliger-300x200.jpg 300w, https:\/\/morettofogacaconsultoria.com.br\/wp-content\/uploads\/2022\/08\/Foto-de-capa-avaliacao-Psicologica-Zulliger-768x512.jpg 768w, https:\/\/morettofogacaconsultoria.com.br\/wp-content\/uploads\/2022\/08\/Foto-de-capa-avaliacao-Psicologica-Zulliger-1536x1024.jpg 1536w, https:\/\/morettofogacaconsultoria.com.br\/wp-content\/uploads\/2022\/08\/Foto-de-capa-avaliacao-Psicologica-Zulliger-2048x1365.jpg 2048w\" sizes=\"(max-width: 768px) 100vw, 768px\" \/><\/figure>\n<\/div>\n\n\n<p><\/p>\n\n\n\n<p class=\"has-medium-font-size\">Essa \u00e1rea \u00e9 onde possu\u00edmos a maior expertise, mesmo durante a faculdade, nossa s\u00f3cia j\u00e1 interessava-se pela \u00e1rea de avalia\u00e7\u00e3o psicol\u00f3gica. Foram muitos anos de estudo, cursos, congressos, supervis\u00f5es e milhares de avalia\u00e7\u00f5es psicol\u00f3gicas realizadas.<\/p>\n\n\n\n<p class=\"has-medium-font-size\"><strong>O que \u00e9 uma avalia\u00e7\u00e3o psicol\u00f3gica?<\/strong> \u00c9 um processo estruturado de investiga\u00e7\u00e3o de fen\u00f4menos psicol\u00f3gicos, composto de m\u00e9todos, t\u00e9cnicas e instrumentos, com o objetivo de prover informa\u00e7\u00f5es \u00e0 tomada de decis\u00e3o, no \u00e2mbito individual, grupal ou institucional, com base em demandas, condi\u00e7\u00f5es e finalidades espec\u00edficas (Resolu\u00e7\u00e3o CFP 09\/2018).<\/p>\n\n\n\n<p class=\"has-medium-font-size\">Nossos profissionais s\u00e3o altamente qualificados e atuam com diferentes instrumentos psicol\u00f3gicos e variados tipos de avalia\u00e7\u00e3o psicol\u00f3gica.<\/p>\n\n\n\n<p class=\"has-medium-font-size\">Realizamos avalia\u00e7\u00e3o para psicodiagn\u00f3stico, avalia\u00e7\u00e3o neuropsicol\u00f3gica, avalia\u00e7\u00f5es para a realiza\u00e7\u00e3o de procedimentos cir\u00fargicos, orienta\u00e7\u00e3o profissional e de carreira, avalia\u00e7\u00e3o psicossocial, avalia\u00e7\u00e3o para registro e porte de arma de fogo (profissionais credenciados pela Pol\u00edcia Federal e Brigada Militar).&nbsp;<\/p>\n\n\n\n<p><\/p>\n\n\n\n<p><\/p>\n\n\n\n<h3 class=\"wp-block-heading\">NOSSOS PROFISSIONAIS<\/h3>\n\n\n\n<div class=\"wp-block-media-text alignwide is-stacked-on-mobile\" style=\"grid-template-columns:46% auto\"><figure class=\"wp-block-media-text__media\"><img decoding=\"async\" width=\"1024\" height=\"683\" src=\"http:\/\/morettofogacaconsultoria.com.br\/wp-content\/uploads\/2022\/08\/Scheila-Avaliacao-1024x683.jpg\" alt=\"\" class=\"wp-image-415 size-full\" srcset=\"https:\/\/morettofogacaconsultoria.com.br\/wp-content\/uploads\/2022\/08\/Scheila-Avaliacao-1024x683.jpg 1024w, https:\/\/morettofogacaconsultoria.com.br\/wp-content\/uploads\/2022\/08\/Scheila-Avaliacao-300x200.jpg 300w, https:\/\/morettofogacaconsultoria.com.br\/wp-content\/uploads\/2022\/08\/Scheila-Avaliacao-768x512.jpg 768w, https:\/\/morettofogacaconsultoria.com.br\/wp-content\/uploads\/2022\/08\/Scheila-Avaliacao-1536x1024.jpg 1536w, https:\/\/morettofogacaconsultoria.com.br\/wp-content\/uploads\/2022\/08\/Scheila-Avaliacao-2048x1365.jpg 2048w\" sizes=\"(max-width: 1024px) 100vw, 1024px\" \/><\/figure><div class=\"wp-block-media-text__content\">\n<h1 class=\"wp-block-heading has-pale-cyan-blue-color has-text-color has-medium-font-size\" id=\"wnd_TextBlock_861905640_inner_0\"><strong>Scheila Mara Foga\u00e7a Moretto<\/strong><\/h1>\n\n\n\n<p><p id=\"wnd_TextBlock_861905640_inner_1\">Psic\u00f3loga &#8211; CRP 07\/08725<\/p><\/p>\n\n\n\n<p>Graduada em Psicologia (ULBRA), com mais de 24 anos de experi\u00eancia<\/p>\n\n\n\n<p>Perita em Avalia\u00e7\u00e3o Psicol\u00f3gica (ULBRA)<\/p>\n\n\n\n<p>Especialista em Avalia\u00e7\u00e3o Psicol\u00f3gica (FACCAT)<\/p>\n\n\n\n<p>Mestre em Educa\u00e7\u00e3o (UNISINOS)<\/p>\n\n\n\n<p>S\u00f3cia Respons\u00e1vel T\u00e9cnica da empresa Moretto &amp; Foga\u00e7a Consultoria atua nas \u00e1reas Cl\u00ednica, Avalia\u00e7\u00e3o Psicol\u00f3gica, Supervis\u00e3o e Consultoria de Psicologia<\/p>\n<\/div><\/div>\n\n\n\n<div class=\"wp-block-media-text alignwide has-media-on-the-right is-stacked-on-mobile\" style=\"grid-template-columns:auto 48%\"><div class=\"wp-block-media-text__content\">\n<h1 class=\"wp-block-heading has-text-align-right has-pale-cyan-blue-color has-text-color has-medium-font-size\" id=\"wnd_TextBlock_409783430_inner_0\"><strong><strong>Denise Bischoff Portella Concei\u00e7\u00e3o<\/strong><\/strong><\/h1>\n\n\n\n<p class=\"has-text-align-right\">Psic\u00f3loga \u2013 CRP 07\/14220<\/p>\n\n\n\n<p class=\"has-text-align-right\">Graduada em Psicologia (ULBRA), com mais de 17 anos de experi\u00eancia.<\/p>\n\n\n\n<p class=\"has-text-align-right\">Especialista em Psicologia Cl\u00ednica (CRP)<\/p>\n\n\n\n<p class=\"has-text-align-right\">Especialista em Avalia\u00e7\u00e3o Psicol\u00f3gica (PUCRS)<\/p>\n\n\n\n<p class=\"has-text-align-right\">MBA em Gest\u00e3o Estrat\u00e9gica de Pessoas com \u00canfase em Estrat\u00e9gia (FGV)<\/p>\n\n\n\n<p class=\"has-text-align-right\">Mestranda pelo PPG Psicologia e Sa\u00fade da UFCSPA,<\/p>\n\n\n\n<p class=\"has-text-align-right\">Profissional da empresa Moretto &amp; Foga\u00e7a Consultoria atuando na \u00e1rea de avalia\u00e7\u00e3o psicol\u00f3gica e como Psic\u00f3loga Cl\u00ednica e Hospitalar (HBMPA).<\/p>\n<\/div><figure class=\"wp-block-media-text__media\"><img decoding=\"async\" width=\"1024\" height=\"683\" src=\"http:\/\/morettofogacaconsultoria.com.br\/wp-content\/uploads\/2022\/08\/Denise-Avaliacao-1024x683.jpg\" alt=\"\" class=\"wp-image-411 size-full\" srcset=\"https:\/\/morettofogacaconsultoria.com.br\/wp-content\/uploads\/2022\/08\/Denise-Avaliacao-1024x683.jpg 1024w, https:\/\/morettofogacaconsultoria.com.br\/wp-content\/uploads\/2022\/08\/Denise-Avaliacao-300x200.jpg 300w, https:\/\/morettofogacaconsultoria.com.br\/wp-content\/uploads\/2022\/08\/Denise-Avaliacao-768x512.jpg 768w, https:\/\/morettofogacaconsultoria.com.br\/wp-content\/uploads\/2022\/08\/Denise-Avaliacao-1536x1024.jpg 1536w, https:\/\/morettofogacaconsultoria.com.br\/wp-content\/uploads\/2022\/08\/Denise-Avaliacao-2048x1365.jpg 2048w\" sizes=\"(max-width: 1024px) 100vw, 1024px\" \/><\/figure><\/div>\n\n\n\n<div class=\"wp-block-media-text alignwide is-stacked-on-mobile\" style=\"grid-template-columns:46% auto\"><figure class=\"wp-block-media-text__media\"><img decoding=\"async\" width=\"1024\" height=\"683\" src=\"http:\/\/morettofogacaconsultoria.com.br\/wp-content\/uploads\/2022\/08\/Karine-Avaliacao-1024x683.jpg\" alt=\"\" class=\"wp-image-412 size-full\" srcset=\"https:\/\/morettofogacaconsultoria.com.br\/wp-content\/uploads\/2022\/08\/Karine-Avaliacao-1024x683.jpg 1024w, https:\/\/morettofogacaconsultoria.com.br\/wp-content\/uploads\/2022\/08\/Karine-Avaliacao-300x200.jpg 300w, https:\/\/morettofogacaconsultoria.com.br\/wp-content\/uploads\/2022\/08\/Karine-Avaliacao-768x512.jpg 768w, https:\/\/morettofogacaconsultoria.com.br\/wp-content\/uploads\/2022\/08\/Karine-Avaliacao-1536x1024.jpg 1536w, https:\/\/morettofogacaconsultoria.com.br\/wp-content\/uploads\/2022\/08\/Karine-Avaliacao-2048x1365.jpg 2048w\" sizes=\"(max-width: 1024px) 100vw, 1024px\" \/><\/figure><div class=\"wp-block-media-text__content\">\n<h1 class=\"wp-block-heading has-pale-cyan-blue-color has-text-color has-medium-font-size\" id=\"wnd_TextBlock_861905640_inner_0\"><strong><strong>Karine Ely<\/strong><\/strong><\/h1>\n\n\n\n<p>Psic\u00f3loga \u2013&nbsp; 07\/33441<\/p>\n\n\n\n<p>Graduada em Psicologia (UNISINOS)<\/p>\n\n\n\n<p>P\u00f3s-graduanda em Psicoterapia de Orienta\u00e7\u00e3o Psicanal\u00edtica (IPSI)<\/p>\n\n\n\n<p>Profissional da empresa Moretto &amp; Foga\u00e7a Consultoria atuando como Psic\u00f3loga Cl\u00ednica e Hospitalar (HBMPA) e Avalia\u00e7\u00e3o Psicol\u00f3gica.<\/p>\n<\/div><\/div>\n","protected":false},"excerpt":{"rendered":"<p>&nbsp; Essa \u00e1rea \u00e9 onde possu\u00edmos a maior expertise, mesmo durante a faculdade, nossa s\u00f3cia j\u00e1 interessava-se pela \u00e1rea de avalia\u00e7\u00e3o psicol\u00f3gica. Foram muitos anos de estudo, cursos, congressos, supervis\u00f5es &#8230;<\/p>\n","protected":false},"author":1,"featured_media":0,"parent":0,"menu_order":1,"comment_status":"closed","ping_status":"closed","template":"template-fullwidth.php","meta":{"_uag_custom_page_level_css":"","footnotes":""},"class_list":["post-406","page","type-page","status-publish","hentry"],"uagb_featured_image_src":{"full":false,"thumbnail":false,"medium":false,"medium_large":false,"large":false,"1536x1536":false,"2048x2048":false,"onepress-blog-small":false,"onepress-small":false,"onepress-medium":false},"uagb_author_info":{"display_name":"morettofogacaconsultoria","author_link":"https:\/\/morettofogacaconsultoria.com.br\/index.php\/author\/morettofogacaconsultoria\/"},"uagb_comment_info":0,"uagb_excerpt":"&nbsp; Essa \u00e1rea \u00e9 onde possu\u00edmos a maior expertise, mesmo durante a faculdade, nossa s\u00f3cia j\u00e1 interessava-se pela \u00e1rea de avalia\u00e7\u00e3o psicol\u00f3gica. Foram muitos anos de estudo, cursos, congressos, supervis\u00f5es ...","_links":{"self":[{"href":"https:\/\/morettofogacaconsultoria.com.br\/index.php\/wp-json\/wp\/v2\/pages\/406","targetHints":{"allow":["GET"]}}],"collection":[{"href":"https:\/\/morettofogacaconsultoria.com.br\/index.php\/wp-json\/wp\/v2\/pages"}],"about":[{"href":"https:\/\/morettofogacaconsultoria.com.br\/index.php\/wp-json\/wp\/v2\/types\/page"}],"author":[{"embeddable":true,"href":"https:\/\/morettofogacaconsultoria.com.br\/index.php\/wp-json\/wp\/v2\/users\/1"}],"replies":[{"embeddable":true,"href":"https:\/\/morettofogacaconsultoria.com.br\/index.php\/wp-json\/wp\/v2\/comments?post=406"}],"version-history":[{"count":2,"href":"https:\/\/morettofogacaconsultoria.com.br\/index.php\/wp-json\/wp\/v2\/pages\/406\/revisions"}],"predecessor-version":[{"id":895,"href":"https:\/\/morettofogacaconsultoria.com.br\/index.php\/wp-json\/wp\/v2\/pages\/406\/revisions\/895"}],"wp:attachment":[{"href":"https:\/\/morettofogacaconsultoria.com.br\/index.php\/wp-json\/wp\/v2\/media?parent=406"}],"curies":[{"name":"wp","href":"https:\/\/api.w.org\/{rel}","templated":true}]}}