{"id":887,"date":"2024-11-01T20:08:36","date_gmt":"2024-11-01T23:08:36","guid":{"rendered":"https:\/\/morettofogacaconsultoria.com.br\/?page_id=887"},"modified":"2024-11-03T01:11:01","modified_gmt":"2024-11-03T04:11:01","slug":"psicodiagnostico","status":"publish","type":"page","link":"https:\/\/morettofogacaconsultoria.com.br\/index.php\/psicodiagnostico\/","title":{"rendered":"Psicodiagn\u00f3stico"},"content":{"rendered":"\n<p><\/p>\n\n\n\n<p class=\"has-medium-font-size\">Avalia\u00e7\u00e3o que busca entender quest\u00f5es emocionais e comportamentais do paciente, com o objetivo de orientar no tratamento psicol\u00f3gico e poss\u00edveis encaminhamentos.<\/p>\n\n\n\n<p class=\"has-medium-font-size\">&nbsp;<\/p>\n\n\n\n<p><a href=\"https:\/\/morettofogacaconsultoria.com.br\/index.php\/avaliacao-psicologica\/\" data-type=\"page\" data-id=\"888\">&lt;&lt;&lt; VOLTAR<\/a><\/p>\n\n\n\n<p><\/p>\n\n\n\n<p><\/p>\n","protected":false},"excerpt":{"rendered":"<p>Avalia\u00e7\u00e3o que busca entender quest\u00f5es emocionais e comportamentais do paciente, com o objetivo de orientar no tratamento psicol\u00f3gico e poss\u00edveis encaminhamentos. &nbsp; &lt;&lt;&lt; VOLTAR<\/p>\n","protected":false},"author":1,"featured_media":0,"parent":0,"menu_order":1,"comment_status":"closed","ping_status":"closed","template":"template-fullwidth.php","meta":{"_uag_custom_page_level_css":"","footnotes":""},"class_list":["post-887","page","type-page","status-publish","hentry"],"uagb_featured_image_src":{"full":false,"thumbnail":false,"medium":false,"medium_large":false,"large":false,"1536x1536":false,"2048x2048":false,"onepress-blog-small":false,"onepress-small":false,"onepress-medium":false},"uagb_author_info":{"display_name":"morettofogacaconsultoria","author_link":"https:\/\/morettofogacaconsultoria.com.br\/index.php\/author\/morettofogacaconsultoria\/"},"uagb_comment_info":0,"uagb_excerpt":"Avalia\u00e7\u00e3o que busca entender quest\u00f5es emocionais e comportamentais do paciente, com o objetivo de orientar no tratamento psicol\u00f3gico e poss\u00edveis encaminhamentos. &nbsp; &lt;&lt;&lt; VOLTAR","_links":{"self":[{"href":"https:\/\/morettofogacaconsultoria.com.br\/index.php\/wp-json\/wp\/v2\/pages\/887","targetHints":{"allow":["GET"]}}],"collection":[{"href":"https:\/\/morettofogacaconsultoria.com.br\/index.php\/wp-json\/wp\/v2\/pages"}],"about":[{"href":"https:\/\/morettofogacaconsultoria.com.br\/index.php\/wp-json\/wp\/v2\/types\/page"}],"author":[{"embeddable":true,"href":"https:\/\/morettofogacaconsultoria.com.br\/index.php\/wp-json\/wp\/v2\/users\/1"}],"replies":[{"embeddable":true,"href":"https:\/\/morettofogacaconsultoria.com.br\/index.php\/wp-json\/wp\/v2\/comments?post=887"}],"version-history":[{"count":3,"href":"https:\/\/morettofogacaconsultoria.com.br\/index.php\/wp-json\/wp\/v2\/pages\/887\/revisions"}],"predecessor-version":[{"id":899,"href":"https:\/\/morettofogacaconsultoria.com.br\/index.php\/wp-json\/wp\/v2\/pages\/887\/revisions\/899"}],"wp:attachment":[{"href":"https:\/\/morettofogacaconsultoria.com.br\/index.php\/wp-json\/wp\/v2\/media?parent=887"}],"curies":[{"name":"wp","href":"https:\/\/api.w.org\/{rel}","templated":true}]}}