{"id":888,"date":"2024-11-01T19:50:22","date_gmt":"2024-11-01T22:50:22","guid":{"rendered":"https:\/\/morettofogacaconsultoria.com.br\/?page_id=888"},"modified":"2024-11-04T22:30:22","modified_gmt":"2024-11-05T01:30:22","slug":"avaliacao-psicologica","status":"publish","type":"page","link":"https:\/\/morettofogacaconsultoria.com.br\/index.php\/avaliacao-psicologica\/","title":{"rendered":"AVALIA\u00c7\u00c3O PSICOL\u00d3GICA"},"content":{"rendered":"\n<p><\/p>\n\n\n<h3 class=\"fonts-plugin-block \" style=\"font-family: arial;font-weight: 700;line-height: 2.4;text-align: center;color: #0693e3\">Nosso processo de <strong>avalia\u00e7\u00e3o psicol\u00f3gica<\/strong> proporciona um entendimento abrangente do perfil psicol\u00f3gico de pessoas e institui\u00e7\u00f5es, permitindo identificar e explorar pontos fortes e desafios espec\u00edficos. A partir dessa an\u00e1lise detalhada, orientamos na constru\u00e7\u00e3o de estrat\u00e9gias que possam auxiliar no desenvolvimento e na supera\u00e7\u00e3o de dificuldades, sempre visando ao fortalecimento individual e institucional.<\/h3>\n\n\n<p>&nbsp;<\/p>\n\n\n<div class=\"wp-block-image\">\n<figure class=\"aligncenter size-large is-resized\"><img decoding=\"async\" width=\"1024\" height=\"683\" src=\"http:\/\/morettofogacaconsultoria.com.br\/wp-content\/uploads\/2022\/08\/Foto-de-capa-avaliacao-Psicologica-Zulliger-1024x683.jpg\" alt=\"\" class=\"wp-image-407\" style=\"width:768px;height:512px\" srcset=\"https:\/\/morettofogacaconsultoria.com.br\/wp-content\/uploads\/2022\/08\/Foto-de-capa-avaliacao-Psicologica-Zulliger-1024x683.jpg 1024w, https:\/\/morettofogacaconsultoria.com.br\/wp-content\/uploads\/2022\/08\/Foto-de-capa-avaliacao-Psicologica-Zulliger-300x200.jpg 300w, https:\/\/morettofogacaconsultoria.com.br\/wp-content\/uploads\/2022\/08\/Foto-de-capa-avaliacao-Psicologica-Zulliger-768x512.jpg 768w, https:\/\/morettofogacaconsultoria.com.br\/wp-content\/uploads\/2022\/08\/Foto-de-capa-avaliacao-Psicologica-Zulliger-1536x1024.jpg 1536w, https:\/\/morettofogacaconsultoria.com.br\/wp-content\/uploads\/2022\/08\/Foto-de-capa-avaliacao-Psicologica-Zulliger-2048x1365.jpg 2048w\" sizes=\"(max-width: 1024px) 100vw, 1024px\" \/><\/figure>\n<\/div>\n\n\n<p><\/p>\n\n\n\n<p class=\"has-medium-font-size\">A avalia\u00e7\u00e3o psicol\u00f3gica \u00e9 uma das \u00e1reas em que nossa equipe tem maior expertise. Desde os primeiros anos de forma\u00e7\u00e3o, nossa s\u00f3cia demonstrou um forte interesse pela avalia\u00e7\u00e3o, dedicando-se a anos de estudos, cursos, congressos e supervis\u00f5es. Com milhares de avalia\u00e7\u00f5es realizadas, nosso compromisso \u00e9 oferecer um trabalho pautado na \u00e9tica e na excel\u00eancia t\u00e9cnica.<\/p>\n\n\n\n<p><\/p>\n\n\n\n<p><\/p>\n\n\n\n<h1 class=\"wp-block-heading has-large-font-size\">O que \u00e9 uma avalia\u00e7\u00e3o psicol\u00f3gica?<\/h1>\n\n\n\n<p class=\"has-medium-font-size\">A avalia\u00e7\u00e3o psicol\u00f3gica \u00e9 um processo estruturado e cuidadoso de an\u00e1lise de fen\u00f4menos psicol\u00f3gicos, com uso de m\u00e9todos, t\u00e9cnicas e instrumentos que possibilitam decis\u00f5es mais informadas e direcionadas, seja em contextos individuais, grupais ou institucionais. Baseia-se em demandas e finalidades espec\u00edficas, conforme estabelece a Resolu\u00e7\u00e3o CFP 09\/2018, e \u00e9 realizada com rigor e responsabilidade.<\/p>\n\n\n\n<p><\/p>\n\n\n\n<h1 class=\"wp-block-heading\">Nossa Equipe e Abordagem<\/h1>\n\n\n\n<p class=\"has-medium-font-size\">Contamos com profissionais altamente qualificados, que utilizam uma variedade de instrumentos psicol\u00f3gicos para diferentes tipos de avalia\u00e7\u00e3o, sempre em conformidade com as orienta\u00e7\u00f5es \u00e9ticas e normativas do Conselho Federal de Psicologia. Nossos especialistas se mant\u00eam atualizados, assegurando que cada avalia\u00e7\u00e3o esteja em sintonia com as melhores pr\u00e1ticas da \u00e1rea.<\/p>\n\n\n\n<h1 class=\"wp-block-heading\">Tipos de Avalia\u00e7\u00f5es Psicol\u00f3gicas Realizadas<\/h1>\n\n\n\n<h3 class=\"wp-block-heading\">Entre as avalia\u00e7\u00f5es que realizamos est\u00e3o:<\/h3>\n\n\n\n<ul class=\"wp-block-list\">\n<li class=\"has-medium-font-size\"><a href=\"https:\/\/morettofogacaconsultoria.com.br\/index.php\/psicodiagnostico\/\" data-type=\"page\" data-id=\"887\">Psicodiagn\u00f3stico<\/a><\/li>\n\n\n\n<li class=\"has-medium-font-size\"><a href=\"https:\/\/morettofogacaconsultoria.com.br\/index.php\/avaliacao-neuropsicologica\/\" data-type=\"page\" data-id=\"902\">Avalia\u00e7\u00e3o Neuropsicol\u00f3gica<\/a><\/li>\n\n\n\n<li class=\"has-medium-font-size\"><a href=\"https:\/\/morettofogacaconsultoria.com.br\/index.php\/avaliacoes-pre-cirurgicas\/\" data-type=\"page\" data-id=\"905\">Avalia\u00e7\u00f5es Pr\u00e9-Cir\u00fargicas<\/a><\/li>\n\n\n\n<li class=\"has-medium-font-size\"><a href=\"https:\/\/morettofogacaconsultoria.com.br\/index.php\/orientacao-profissional-e-de-carreira\/\" data-type=\"page\" data-id=\"906\">Orienta\u00e7\u00e3o Profissional e de Carreira<\/a><\/li>\n\n\n\n<li class=\"has-medium-font-size\"><a href=\"https:\/\/morettofogacaconsultoria.com.br\/index.php\/avaliacao-psicossocial\/\" data-type=\"page\" data-id=\"911\">Avalia\u00e7\u00e3o Psicossocial<\/a><\/li>\n\n\n\n<li class=\"has-medium-font-size\"><a href=\"https:\/\/morettofogacaconsultoria.com.br\/index.php\/avaliacao-para-manuseio-registro-e-porte-de-arma-de-fogo\/\" data-type=\"page\" data-id=\"916\">Avalia\u00e7\u00e3o para Manuseio, Registro e Porte de Arma de Fogo<\/a><\/li>\n<\/ul>\n\n\n\n<p><\/p>\n\n\n\n<h3 class=\"wp-block-heading\">Al\u00e9m das avalia\u00e7\u00f5es psicol\u00f3gicas, tamb\u00e9m oferecemos:<\/h3>\n\n\n\n<ul class=\"wp-block-list\">\n<li class=\"has-medium-font-size\"><a href=\"https:\/\/morettofogacaconsultoria.com.br\/index.php\/atuacao-como-assistente-tecnico-em-casos-juridicos\/\" data-type=\"page\" data-id=\"919\">Atua\u00e7\u00e3o como Assistente T\u00e9cnico em Casos Jur\u00eddicos<\/a><\/li>\n\n\n\n<li class=\"has-medium-font-size\">R<a href=\"https:\/\/morettofogacaconsultoria.com.br\/index.php\/revisao-de-avaliacoes-psicologicas-para-concursos-publicos\/\" data-type=\"page\" data-id=\"920\">evis\u00e3o de Avalia\u00e7\u00f5es Psicol\u00f3gicas para Concursos P\u00fablicos<\/a><\/li>\n\n\n\n<li class=\"has-medium-font-size\"><a href=\"https:\/\/morettofogacaconsultoria.com.br\/index.php\/supervisao-para-colegas-psicologos\/\" data-type=\"page\" data-id=\"925\">Supervis\u00e3o para Colegas Psic\u00f3logos<\/a><\/li>\n<\/ul>\n\n\n\n<p><\/p>\n\n\n\n<p class=\"has-medium-font-size\">Cada um desses servi\u00e7os \u00e9 oferecido com a mesma precis\u00e3o e compromisso com a \u00e9tica e a qualidade, refletindo nosso objetivo de contribuir com o bem-estar individual e com a justi\u00e7a.<\/p>\n\n\n\n<p><\/p>\n\n\n\n<div class=\"wp-block-uagb-container uagb-block-wlbvfuke alignfull uagb-is-root-container\"><div class=\"uagb-container-inner-blocks-wrap\">\n<div class=\"wp-block-uagb-container uagb-block-jq0lqjqg\">\n<div class=\"wp-block-uagb-info-box uagb-block-uquezqvk uagb-infobox__content-wrap  uagb-infobox-icon-above-title uagb-infobox-image-valign-top wp-block-uagb-info-box--has-margin\"><div class=\"uagb-infobox-margin-wrapper\"><div class=\"uagb-ifb-content\"><div class=\"uagb-ifb-title-wrap\"><h2 class=\"uagb-ifb-title\">Agende agora sua avalia\u00e7\u00e3o conosco!<\/h2><\/div><p class=\"uagb-ifb-desc\">Reserve sua avalia\u00e7\u00e3o psicol\u00f3gica com nossos especialistas e obtenha um diagn\u00f3stico preciso para seu desenvolvimento pessoal, profissional ou institucional.<\/p><\/div><\/div><\/div>\n\n\n\n<div class=\"wp-block-uagb-buttons uagb-buttons__outer-wrap uagb-btn__default-btn uagb-btn-tablet__default-btn uagb-btn-mobile__default-btn uagb-block-d7jdjzas\"><div class=\"uagb-buttons__wrap uagb-buttons-layout-wrap \">\n<div class=\"wp-block-uagb-buttons-child uagb-buttons__outer-wrap uagb-block-sdqgdkyp wp-block-button\"><div class=\"uagb-button__wrapper\"><a class=\"uagb-buttons-repeater wp-block-button__link\" aria-label=\"\" href=\"https:\/\/morettofogacaconsultoria.com.br\/index.php\/quem-somos\/\" rel=\"follow noopener\" target=\"_self\" role=\"button\"><div class=\"uagb-button__link\">Conhe\u00e7a nossos profissionais<\/div><\/a><\/div><\/div>\n<\/div><\/div>\n<\/div>\n\n\n\n<a href=\"https:\/\/www.doctoralia.com.br\/clinicas\/moretto-fogaca-consultoria-clinica-de-psicologia\" data-zl-widget-facility=\"moretto-fogaca-consultoria-clinica-de-psicologia\" rel=\"nofollow\" data-placement=\"inline\" data-zlw-type=\"facility-calendar-listing-with-saas-only\">Moretto &#038; Foga\u00e7a Consultoria &#8211; Clinica de Psicologia<\/a><script id=\"zl-facility-widget\" src=\"https:\/\/www.doctoralia.com.br\/platform\/js\/widget.js\"><\/script>\n<\/div><\/div>\n","protected":false},"excerpt":{"rendered":"<p>&nbsp; A avalia\u00e7\u00e3o psicol\u00f3gica \u00e9 uma das \u00e1reas em que nossa equipe tem maior expertise. Desde os primeiros anos de forma\u00e7\u00e3o, nossa s\u00f3cia demonstrou um forte interesse pela avalia\u00e7\u00e3o, dedicando-se &#8230;<\/p>\n","protected":false},"author":1,"featured_media":0,"parent":0,"menu_order":1,"comment_status":"closed","ping_status":"closed","template":"template-fullwidth.php","meta":{"_uag_custom_page_level_css":"","footnotes":""},"class_list":["post-888","page","type-page","status-publish","hentry"],"uagb_featured_image_src":{"full":false,"thumbnail":false,"medium":false,"medium_large":false,"large":false,"1536x1536":false,"2048x2048":false,"onepress-blog-small":false,"onepress-small":false,"onepress-medium":false},"uagb_author_info":{"display_name":"morettofogacaconsultoria","author_link":"https:\/\/morettofogacaconsultoria.com.br\/index.php\/author\/morettofogacaconsultoria\/"},"uagb_comment_info":0,"uagb_excerpt":"&nbsp; A avalia\u00e7\u00e3o psicol\u00f3gica \u00e9 uma das \u00e1reas em que nossa equipe tem maior expertise. Desde os primeiros anos de forma\u00e7\u00e3o, nossa s\u00f3cia demonstrou um forte interesse pela avalia\u00e7\u00e3o, dedicando-se ...","_links":{"self":[{"href":"https:\/\/morettofogacaconsultoria.com.br\/index.php\/wp-json\/wp\/v2\/pages\/888","targetHints":{"allow":["GET"]}}],"collection":[{"href":"https:\/\/morettofogacaconsultoria.com.br\/index.php\/wp-json\/wp\/v2\/pages"}],"about":[{"href":"https:\/\/morettofogacaconsultoria.com.br\/index.php\/wp-json\/wp\/v2\/types\/page"}],"author":[{"embeddable":true,"href":"https:\/\/morettofogacaconsultoria.com.br\/index.php\/wp-json\/wp\/v2\/users\/1"}],"replies":[{"embeddable":true,"href":"https:\/\/morettofogacaconsultoria.com.br\/index.php\/wp-json\/wp\/v2\/comments?post=888"}],"version-history":[{"count":18,"href":"https:\/\/morettofogacaconsultoria.com.br\/index.php\/wp-json\/wp\/v2\/pages\/888\/revisions"}],"predecessor-version":[{"id":968,"href":"https:\/\/morettofogacaconsultoria.com.br\/index.php\/wp-json\/wp\/v2\/pages\/888\/revisions\/968"}],"wp:attachment":[{"href":"https:\/\/morettofogacaconsultoria.com.br\/index.php\/wp-json\/wp\/v2\/media?parent=888"}],"curies":[{"name":"wp","href":"https:\/\/api.w.org\/{rel}","templated":true}]}}